989292?
9
What is the thousands digit of 404554864?
4
What is the ten millions digit of 589393978?
8
What is the tens digit of 280308277?
7
What is the hundred thousands digit of 115854357?
8
What is the tens digit of 665159213?
1
What is the thousands digit of 22479098?
9
What is the ten millions digit of 55521462?
5
What is the ten thousands digit of 9054525?
5
What is the thousands digit of 3258673765?
3
What is the thousands digit of 1249265410?
5
What is the ten millions digit of 1799409913?
9
What is the hundreds digit of 929525562?
5
What is the ten millions digit of 2140032045?
4
What is the hundreds digit of 18110519?
5
What is the tens digit of 265695627?
2
What is the units digit of 4725437671?
1
What is the millions digit of 867929790?
7
What is the hundred thousands digit of 125824053?
8
What is the hundred thousands digit of 224545323?
5
What is the tens digit of 3938610523?
2
What is the hundred thousands digit of 29202630?
2
What is the hundred thousands digit of 3350227391?
2
What is the hundreds digit of 438322284?
2
What is the hundred thousands digit of 138533811?
5
What is the ten millions digit of 19157422?
1
What is the hundred thousands digit of 48309160?
3
What is the hundred thousands digit of 31354536?
3
What is the hundreds digit of 2569051238?
2
What is the millions digit of 5770210085?
0
What is the ten millions digit of 187130834?
8
What is the hundred thousands digit of 452080026?
0
What is the ten millions digit of 136532003?
3
What is the tens digit of 513503564?
6
What is the hundreds digit of 253943458?
4
What is the millions digit of 18133771?
8
What is the thousands digit of 390622256?
2
What is the hundred thousands digit of 310845201?
8
What is the thousands digit of 73632736?
2
What is the tens digit of 65481732?
3
What is the units digit of 29513847?
7
What is the tens digit of 599775227?
2
What is the ten thousands digit of 260928948?
2
What is the hundred millions digit of 345626345?
3
What is the billions digit of 1499420040?
1
What is the hundreds digit of 61900275?
2
What is the hundred millions digit of 2528247041?
5
What is the hundred millions digit of 5214285926?
2
What is the hundred thousands digit of 694780653?
7
What is the hundreds digit of 28473612?
6
What is the hundred thousands digit of 598476831?
4
What is the thousands digit of 83359727?
9
What is the units digit of 1123429161?
1
What is the thousands digit of 1651999313?
9
What is the units digit of 660813743?
3
What is the thousands digit of 1413138929?
8
What is the hundred thousands digit of 39231865?
2
What is the ten millions digit of 3967551357?
6
What is the hundred thousands digit of 170421550?
4
What is the hundreds digit of 41958163?
1
What is the hundred thousands digit of 31345041?
3
What is the ten thousands digit of 39360936?
6
What is the hundreds digit of 176880743?
7
What is the tens digit of 202499891?
9
What is the ten thousands digit of 2332368631?
6
What is the hundred thousands digit of 481536355?
5
What is the hundred millions digit of 611572244?
6
What is the units digit of 19574543?
3
What is the tens digit of 147502112?
1
What is the billions digit of 2130120843?
2
What is the hundreds digit of 755887452?
4
What is the ten thousands digit of 2409902483?
0
What is the hundreds digit of 3577132968?
9
What is the millions digit of 61389856?
1
What is the tens digit of 4281031370?
7
What is the ten millions digit of 403197770?
0
What is the hundreds digit of 36083640?
6
What is the millions digit of 119937055?
9
What is the ten millions digit of 2961002156?
6
What is the units digit of 68651916?
6
What is the hundred millions digit of 600373006?
6
What is the billions digit of 2358522037?
2
What is the ten thousands digit of 67676023?
7
What is the tens digit of 30764896?
9
What is the ten thousands digit of 465830372?
3
What is the millions digit of 206717184?
6
What is the units digit of 1343151962?
2
What is the tens digit of 19332045?
4
What is the billions digit of 1447386329?
1
What is the units digit of 715844445?
5
What is the hundred thousands digit of 72668816?
6
What is the ten millions digit of 23699869?
2
What is the millions digit of 67580266?
7
What is the millions digit of 84861730?
4
What is the hundred millions digit of 2219691973?
2
What is the millions digit of 25508662?
5
What is the millions digit of 3831338?
3
What is the tens digit of 131199445?
4
What is the ten thousands digit of 2804813?
0
What is the units digit of 925793868?
8
What is the hundred thousands digit of 1224431553?
4
What is the tens digit of 36797327?
2
What is the hundred thousands digit of 40297000?
2
What is the hundred thousands digit of 700025767?
0
What is the units digit of 1657735931?
1
What is the hundreds digit of 253789026?
0
What is the ten thousands digit of 83537557?
3
What is the tens digit of 831484073?
7
What is the millions digit of 56698970?
6
What is the millions digit of 405863590?
5
What is the ten thousands digit of 1048290187?
9
What is the ten millions digit of 730584733?
3
What is the tens digit of 24517454?
5
What is the ten thousands digit of 310273371?
7
What is the tens digit of 2013381320?
2
What is the ten thousands digit of 504339335?
3
What is the thousands digit of 48785553?
5
What is the tens digit of 7445738?
3
What is the units digit of 1480734465?
5
What is the thousands digit of 18281937?
1
What is the hundreds digit of 1100136383?
3
What is the thousands digit of 3545479?
5
What is the millions digit of 379480284?
9
What is the hundred thousands digit of 58281342?
2
What is the thousands digit of 1076418105?
8
What is the thousands digit of 127477183?
7
What is the thousands digit of 2328420727?
0
What is the units digit of 487219490?
0
What is the millions digit of 486508247?
6
What is the ten millions digit of 1005142153?
0
What is the hundreds digit of 348830196?
1
What is the units digit of 803442568?
8
What is the units digit of 85474432?
2
What is the millions digit of 297723662?
7
What is the ten thousands digit of 78670394?
7
What is the ten millions digit of 250119109?
5
What is the ten millions digit of 861931328?
6
What is the millions digit of 208853053?
8
What is the ten millions digit of 5934322016?
3
What is the ten thousands digit of 50102323?
0
What is the thousands digit of 34543586?
3
What is the tens digit of 153540106?
0
What is the millions digit of 20554474?
0
What is the millions digit of 1409102689?
9
What is the ten thousands digit of 3196662255?
6
What is the units digit of 109959260?
0
What is the ten thousands digit of 38116843?
1
What is the millions digit of 95686875?
5
What is the units digit of 13124352?
2
What is the hundred thousands digit of 4454822698?
8
What is the units digit of 92669408?
8
What is the ten millions digit of 360695910?
6
What is the millions digit of 140981063?
0
What is the ten millions digit of 60877931?
6
What is the hundreds digit of 313700716?
7
What is the tens digit of 83469383?
8
What is the tens digit of 171631482?
8
What is the billions digit of 1832498343?
1
What is the ten thousands digit of 98562092?
6
What is the thousands digit of 167644133?
4
What is the hundred millions digit of 5448043571?
4
What is the thousands digit of 225113654?
3
What is the ten thousands digit of 28599112?
9
What is the hundreds digit of 4278825070?
0
What is the hundreds digit of 52478220?
2
What is the tens digit of 2282148531?
3
What is the thousands digit of 46448825?
8
What is the units digit of 2407492089?
9
What is the units digit of 232550866?
6
What is the thousands digit of 8531580?
1
What is the tens digit of 2290010180?
8
What is the units digit of 2237756017?
7
What is the tens digit of 13860029?
2
What is the hundreds digit of 79608129?
1
What is the hundred thousands digit of 44314557?
3
What is the hundred millions digit of 169066128?
1
What is the millions digit of 124061722?
4
What is the ten thousands digit of 5193187169?
8
What is the ten millions digit of 204766105?
0
What is the units digit of 182815095?
5
What is the millions digit of 868476369?
8
What is the tens digit of 1276615522?
2
What is the ten millions digit of 10004786?
1
What is the ten millions digit of 257155326?
5
What is the ten thousands dig